o(p) + 3*t(p). What is l(-1)?
9
Suppose 3*b - 2*l = 16, 31 = -b - 5*l + 8. Suppose 0 = -2*y - 3*y. Let r(g) = 2*g + 3*g + y + 2 - 4. Calculate r(b).
8
Let s = 11 + -5. Suppose -25 = s*x - x, -u - 2*x - 13 = 0. Let f(g) = -g + 2. What is f(u)?
5
Let h be -4*-5*3/(-100)*-5. Let v(a) be the second derivative of -a**4/12 + 4*a**3/3 - 3*a**2/2 - a. Determine v(h).
12
Let l(a) = -a**3 - a**2 - 1. Let g(f) = 2*f**3 + f**2 + f - 8. Let s(w) = -g(w) - l(w). Calculate s(0).
9
Let h(s) = -3*s - 4*s**3 + 2*s**2 + 3 - 3*s**3 + 3*s**3 + 3*s**3. What is h(2)?
-3
Suppose 0*s - 4*x + 4 = -2*s, -s - 2*x = -10. Let t(g) = 2*g - s*g - 5 + 5*g - 4*g. Calculate t(-4).
-1
Let k(t) be the second derivative of -t**4/6 - t**3/2 - t**2 - 8*t. Suppose 3*z = -2*p - 9, -3*p - 8 = 2*z - 3*z. Give k(p).
-11
Let b(l) = -l**2 + 8*l + 4. Let j be b(9). Let r = j - -9. Let p(q) = r*q - 4 - 2*q - q. Calculate p(5).
1
Let i(q) = -q + 1. Suppose -1 = -4*y + 11. Let g(k) = -k**3 + 4*k**2 - 4*k. Let h be g(y). Determine i(h).
4
Let y(v) be the third derivative of -v**5/60 - 3*v**4/8 + 13*v**3/6 + 3*v**2. Determine y(-10).
3
Let f(s) = s**2 - 6*s + 1. Let u be f(5). Let d(p) = -2*p - 3. Let w(r) = r + 2. Let k(a) = u*d(a) - 5*w(a). Calculate k(2).
8
Let g(b) be the second derivative of -b**5/20 + 5*b**4/12 - b**3/6 + 7*b**2/2 - 6*b. Give g(5).
2
Let b(l) be the second derivative of 2*l**3/3 - 3*l. Let d be (2 + -1)*(-2)/(-2). Suppose j + d = 2. Calculate b(j).
4
Suppose -3*l + 8 = -1. Let s(m) = 1 + 17*m**3 - 4*m**2 - 7*m**3 - 9*m**3. What is s(l)?
-8
Suppose v - 5 = -0*v. Let j(z) = -3 + 4 - z**2 + 5 + v*z. Give j(5).
6
Let u(c) = -c**3 - c + 1. Let a(p) = 4*p**3 + 5*p**2 + 8*p - 5. Let n(g) = a(g) + 3*u(g). Give n(-5).
-27
Let b(i) = 14 - 4*i - 6 - 6. Let o(y) be the first derivative of y**4/4 - 2*y**3/3 - y**2 - 1. Let a be o(3). Determine b(a).
-10
Let d(a) be the first derivative of -3*a**2/2 - 2*a - 30. Determine d(3).
-11
Let b(l) be the first derivative of l**3/3 - 5*l**2/2 + 3*l - 13. Give b(4).
-1
Let f be (-4)/(-14) + (-141)/(-21). Let h(j) = j. Determine h(f).
7
Let r(y) = -6*y**3 - y**2 + 1. Suppose 2*m - 7*m - 5 = 0. Determine r(m).
6
Suppose c - 2 + 5 = 0. Let a be (-34)/(-10) - (-4)/(-10). Let b(k) = 3*k + k - 5*k**3 + 6*k**3 - 5*k + 3*k**2 - a. What is b(c)?
0
Let x(n) = 3*n**2 + 32 - 3*n - 68 + 32 + n**3. Give x(-4).
-8
Let a = 12 - 2. Suppose -3*l = -a + 22. Let h(m) = -3*m - 6. Calculate h(l).
6
Let j be 3 + (-2 + 2 - 0). Let i(u) = -2 - u**3 + 2*u**2 - 3 - 527*u + 529*u + 2. Determine i(j).
-6
Let s(n) be the first derivative of -n**4/4 - 5*n**3/3 + n - 12. Give s(-5).
1
Let g = -71 - -67. Let b(n) be the third derivative of -n**5/120 + n**4/24 + n**3/6 - n**2. Let k(c) be the first derivative of b(c). Determine k(g).
5
Let i(b) = b. Let m be i(3). Let t(c) = c**3 - 4*c**2 + 4*c + 1. Calculate t(m).
4
Let v = 0 + 0. Suppose 0 = c - v + 1. Let f(q) = 1 - 5 - 2*q + 5. Give f(c).
3
Let d(m) = -17 - 9 + m + 27 + 4*m**2 - m**2. Calculate d(-2).
11
Suppose 0*w + 13 = -5*k - 3*w, 27 = -3*k + 3*w. Let d(q) = q**2 + 7*q + 7. Give d(k).
-3
Let j(n) = -n**3 - 6*n**2. Let x be j(-6). Let r(o) be the second derivative of -o - 1/3*o**3 - o**2 + 1/12*o**4 + x. Calculate r(-2).
6
Suppose 18 = -6*o - 30. Let c(g) = -g**3 - 7*g**2 + 8*g + 7. Determine c(o).
7
Let j(m) = m - 1. Let u be -1*(-1)/2*-2. Let q(x) = -5*x + 9. Let v(h) = u*q(h) - 4*j(h). Determine v(6).
1
Let w(j) = -7*j**2 - 13*j + 9. Let m(c) = 11*c**2 + 20*c - 14. Let a = 17 - 12. Let k(n) = a*m(n) + 8*w(n). Let d = 1 + -5. Determine k(d).
2
Let w be (-2 + -1)/(3/2). Let r be (6 - (2 + w))/2. Suppose -r*f = -4*a, -a = f + 2*a. Let u(h) = h - 10. What is u(f)?
-10
Suppose 0*s = -6*s + 18. Let d(o) = -o + 2. What is d(s)?
-1
Let w(l) = 4 - 7 - 6*l**2 + l**3 + 0*l**3 + 4. What is w(6)?
1
Suppose -10 - 5 = -5*q + 3*g, 3*g = 0. Let v(f) = f**3 - 2*f - 1. What is v(q)?
20
Suppose 2*n = v - 0 + 5, 25 = 4*n + v. Let x(h) = 3*h**2 + n*h - h**2 - 4*h - 6*h**3. Give x(-1).
7
Let k = -9 - -13. Suppose 0*d - k = -4*d. Suppose n - d = -6. Let m(a) = -2*a + 2. Calculate m(n).
12
Let u(l) be the first derivative of 5*l**2/2 + l - 3. Calculate u(1).
6
Let w(o) = o + 8. Let k be w(0). Suppose 3*d + k = 5*d. Suppose d*x - 2*x = 6. Let n(p) = -p**3 + 4*p**2 - 2*p - 4. Calculate n(x).
-1
Let q(h) = h**3 - 5*h**2 - 3*h + 6. Suppose -2*w = -3*w + 5. Calculate q(w).
-9
Let c be 2*(-4 - 2/(-2)). Let s = c + 6. Let u(z) be the third derivative of -z**6/120 + z**5/60 + z**4/24 - 7*z**3/6 + 3*z**2. What is u(s)?
-7
Let c(d) = 5*d - 11. Let w(n) = 3*n - 6. Let j(s) = -4*c(s) + 7*w(s). Suppose -8 = 2*h - 2. Let a = 2 - h. Give j(a).
7
Let g = -26 - -26. Let o(t) = 2*t. Let l(d) = -3*d. Let m(r) = -5*l(r) - 7*o(r). What is m(g)?
0
Let w(u) be the third derivative of u**5/60 + u**4/4 + 7*u**3/6 - 8*u**2. Suppose 2*o = o - l - 5, 3*o - 5*l + 15 = 0. Determine w(o).
2
Let z(i) = -i**2 - 1. Let j(s) = 7*s**2 - 2*s + 6. Let d(r) = j(r) + 6*z(r). Give d(3).
3
Let d(t) be the third derivative of t**5/60 - t**4/4 - t**3/3 - 30*t**2. Let k = 0 - -6. Give d(k).
-2
Suppose -z + 28 = 3*z - 4*r, -z - r + 9 = 0. Let b be (-4)/(-10) + z/5. Let x(s) = 4 - 3 - 2 + b*s. Give x(3).
5
Let k(t) = -t**2 - 6*t - 3. Let l be k(-5). Let a(f) = -1 - 2 + 0 + 7*f - f**l - 1. Suppose 3*x = 4*v - 36, -1 = v + x - 3. Calculate a(v).
2
Let b(d) = d**2 + 6*d - 9. Let u = -5 + -2. Determine b(u).
-2
Let q = -146 + 147. Let m(f) = 9*f**3 - 2*f**2 + f. Give m(q).
8
Suppose 5*z + 2*c = 6*c - 45, 4*c = -5*z - 5. Let y(r) = 10*r + 6. Let s(n) = -5*n - 3. Let q(u) = z*s(u) - 2*y(u). Suppose 8 = -3*j + 2. What is q(j)?
-7
Let r(d) = -2*d + 4. Let g be 2/(-1) - (-8 - -13). Let x(u) = u**2 + 5*u - 9. Let m be x(g). Calculate r(m).
-6
Let j(i) be the first derivative of -i**4/4 - i**3 - 3*i**2/2 - 3*i + 3. Let r be j(-2). Let g be (-4 + 3)*r/1. Let d(x) = -8*x**3 - 2*x + 1. Calculate d(g).
-9
Let b(n) = 2*n**2 - 3. Let z(l) = -l - 1. Let p(y) = -b(y) + 2*z(y). Let t be 4/(-14) + 2/7. Let d = t + -2. Give p(d).
-3
Let a(k) = -3*k + 4. Let u(y) be the first derivative of -7*y**2/2 + 8*y - 2. Let f(b) = 5*a(b) - 2*u(b). Determine f(-5).
9
Let b(p) = 13*p - 8*p**3 - 5*p**2 - 5 + 0 - 2. Let t(k) = -4*k**3 - 2*k**2 + 6*k - 3. Let g = -2 - 2. Let j(n) = g*b(n) + 9*t(n). Give j(-1).
5
Let z(h) = h**2 + 3*h - 3. Let m = 27 - 25. Suppose -m*u - 10 = -0*u. What is z(u)?
7
Let x(t) = -2*t - 6. Let b be x(-8). Suppose 5*c + b = -0. Let d(w) = 2*w**2 + 3*w + 2. Give d(c).
4
Let k(x) = -2*x**2 - 3*x - 3. Let h be (-5)/(-1) + 20/(-10). Suppose h*l = -5 + 29. Let p(a) = a**2 - 9*a + 6. Let g be p(l). Calculate k(g).
-5
Let q(f) = -f**2 + 7*f - 9. Let u be 3*25/10*(-12)/(-15). Determine q(u).
-3
Let k(y) be the first derivative of -4/3*y**3 + 1/4*y**4 + 3 + 0*y + 1/2*y**2. Let j = 8 + -4. Give k(j).
4
Let p(x) = x**3 - 2*x**2 - 2*x - 1. Suppose 0 = 4*i + k + 6, -5*i - 4*k + 9 = 22. Give p(i).
-2
Let j be 2/(-10) + (-5)/((-50)/12). Let o be 8/6 - 2/(-3). Let l(m) = -o*m - m + m. Give l(j).
-2
Let j(f) = f**2 + 6*f - 8. Let i(m) = -m**3 - 11*m**2 + 14*m + 18. Let a be i(-12). Calculate j(a).
-8
Suppose -a = -4 + 1. Let l be (1 - -2) + a + -3. Let t = l + 1. Let h(u) = -u**2 + 6*u - 4. Determine h(t).
4
Let j(n) = n + 7. Let l = 7 + -7. Let h = l + 3. Let q be (-9)/h - (-2)/(-1). Determine j(q).
2
Let o(r) = 7*r**3 - r**2. Let h be ((-11)/(-2) - 3)*2. Suppose -2*s = -s - h*u + 26, 4*u - 16 = -4*s. Calculate o(s).
-8
Let i(h) = h**3 - 6*h**2 - 5*h - 8. Let p be i(7). Suppose -p*r + 5 = -r. Let l(x) = 6*x**2. Give l(r).
6
Let h(w) = w + 4. Let d be (4 - 5)/((12/21)/4). Calculate h(d).
-3
Let l(c) = -c**3 - 3*c**2 - 3*c. Suppose -b = b. Let q = 1 + b. Let z = -3 + q. What is l(z)?
2
Let q(n) = -2*n - 6. Suppose 0 = 5*s - 3*s - 12. Suppose 3*c + s = 0, 0 = w - 4*c - 1 - 3. Give q(w).
2
Let n(s) = 4 - s**2 + 3 - 2*s - 3. Let l = 87 - 90. Give n(l).
1
Let o(y) = 2*y**3 + 2*y**2 + 2*y - 1. Suppose 0 = 2*x - 7 + 11. Calculate o(x).
-13
Let w(n) = n**2 - 9*n - 1. Let z(g) = -2*g**2 + 17*g + 1. Let m(k) = 7*w(k) + 4*z(k). Suppose -3*b + 8*b = 15. Give m(b).
3
Suppose 2*i = -2*y + 3*i + 17, 3*i = -2*y - 3. Let w(f) = f**3 - 6*f**2 + 3. Determine w(y).
3
Let n(c) = -c - 3. Let j be n(11). Let u = -13 - j. Let y(a) = -5*